{"id":19333,"date":"2024-03-16T12:59:23","date_gmt":"2024-03-16T09:59:23","guid":{"rendered":"https:\/\/happybalionai.lt\/?post_type=product&#038;p=19333"},"modified":"2024-03-16T13:00:54","modified_gmt":"2024-03-16T10:00:54","slug":"lateksiniai-balionai-su-auksinem-zvaigzdutem","status":"publish","type":"product","link":"https:\/\/happybalionai.lt\/?product=lateksiniai-balionai-su-auksinem-zvaigzdutem","title":{"rendered":"Lateksiniai balionai su auksin\u0117m \u017evaig\u017edut\u0117m"},"content":{"rendered":"<blockquote><p>Lateksiniai balionai su auksin\u0117m \u017evaig\u017edut\u0117m.<br \/>\nPrip\u016bsto baliono dydis 30cm.<\/p><\/blockquote>\n<p>Balionas tinkamas p\u016bsti oru ir helio dujomis.<\/p>\n<p>Balionai parduodami neprip\u016bsti!!!<\/p>\n<p>Vilniuje parduodamus balionus galime prip\u016bsti heliu, susitarus i\u0161 anksto telefonu <a href=\"tel:+370 622 22 494\">+370 622 22 494<\/a> arba facebook \u017einute\u00a0<a href=\"https:\/\/www.facebook.com\/happybalionai\" target=\"_blank\" rel=\"noopener\">Happybalionai puslapyje<\/a>.<\/p>\n<p>Prek\u0117s atspalvis gali \u0161iek tiek skirtis nuo matom\u0173 nuotraukoje.<\/p>\n","protected":false},"excerpt":{"rendered":"<p>Lateksiniai balionai su auksin\u0117m \u017evaig\u017edut\u0117m. Prip\u016bsto baliono dydis 30cm. Balionas tinkamas p\u016bsti oru ir helio dujomis. Balionai parduodami neprip\u016bsti!!! Vilniuje parduodamus balionus galime prip\u016bsti heliu, susitarus i\u0161 anksto telefonu +370 622 22 494 arba facebook \u017einute\u00a0Happybalionai puslapyje. Prek\u0117s atspalvis gali \u0161iek tiek skirtis nuo matom\u0173 nuotraukoje.<\/p>\n","protected":false},"featured_media":19334,"comment_status":"open","ping_status":"closed","template":"","meta":[],"product_cat":[213,215],"product_tag":[246,245,247,248,249],"_links":{"self":[{"href":"https:\/\/happybalionai.lt\/index.php?rest_route=\/wp\/v2\/product\/19333"}],"collection":[{"href":"https:\/\/happybalionai.lt\/index.php?rest_route=\/wp\/v2\/product"}],"about":[{"href":"https:\/\/happybalionai.lt\/index.php?rest_route=\/wp\/v2\/types\/product"}],"replies":[{"embeddable":true,"href":"https:\/\/happybalionai.lt\/index.php?rest_route=%2Fwp%2Fv2%2Fcomments&post=19333"}],"version-history":[{"count":1,"href":"https:\/\/happybalionai.lt\/index.php?rest_route=\/wp\/v2\/product\/19333\/revisions"}],"predecessor-version":[{"id":19335,"href":"https:\/\/happybalionai.lt\/index.php?rest_route=\/wp\/v2\/product\/19333\/revisions\/19335"}],"wp:featuredmedia":[{"embeddable":true,"href":"https:\/\/happybalionai.lt\/index.php?rest_route=\/wp\/v2\/media\/19334"}],"wp:attachment":[{"href":"https:\/\/happybalionai.lt\/index.php?rest_route=%2Fwp%2Fv2%2Fmedia&parent=19333"}],"wp:term":[{"taxonomy":"product_cat","embeddable":true,"href":"https:\/\/happybalionai.lt\/index.php?rest_route=%2Fwp%2Fv2%2Fproduct_cat&post=19333"},{"taxonomy":"product_tag","embeddable":true,"href":"https:\/\/happybalionai.lt\/index.php?rest_route=%2Fwp%2Fv2%2Fproduct_tag&post=19333"}],"curies":[{"name":"wp","href":"https:\/\/api.w.org\/{rel}","templated":true}]}}