{"id":19090,"date":"2024-03-07T20:41:47","date_gmt":"2024-03-07T17:41:47","guid":{"rendered":"https:\/\/happybalionai.lt\/?post_type=product&#038;p=19090"},"modified":"2024-06-03T10:43:34","modified_gmt":"2024-06-03T07:43:34","slug":"folinis-balionas-skaicius-5-bronzines-spalvos","status":"publish","type":"product","link":"https:\/\/happybalionai.lt\/?product=folinis-balionas-skaicius-5-bronzines-spalvos","title":{"rendered":"Folinis balionas skai\u010dius &#8220;5&#8221; bronzin\u0117s spalvos"},"content":{"rendered":"<p>Folinis balionas skai\u010dius &#8220;5&#8221; bronzin\u0117s spalvos.<br \/>\nPrip\u016bsto baliono dydis 76cm.<\/p>\n<p>Balionai parduodami neprip\u016bsti!!!<\/p>\n<p>Vilniuje parduodamus balionus galime prip\u016bsti heliu, susitarus i\u0161 anksto telefonu <a href=\"tel:+370 622 22 494\">+370 622 22 494<\/a> arba facebook \u017einute\u00a0<a href=\"https:\/\/www.facebook.com\/happybalionai\" target=\"_blank\" rel=\"noopener\">Happybalionai puslapyje<\/a>.<\/p>\n<p>Prek\u0117s atspalvis gali \u0161iek tiek skirtis nuo matom\u0173 nuotraukoje.<\/p>\n","protected":false},"excerpt":{"rendered":"<p>Folinis balionas skai\u010dius &#8220;5&#8221; bronzin\u0117s spalvos. Prip\u016bsto baliono dydis 76cm. Balionai parduodami neprip\u016bsti!!! Vilniuje parduodamus balionus galime prip\u016bsti heliu, susitarus i\u0161 anksto telefonu +370 622 22 494 arba facebook \u017einute\u00a0Happybalionai puslapyje. Prek\u0117s atspalvis gali \u0161iek tiek skirtis nuo matom\u0173 nuotraukoje.<\/p>\n","protected":false},"featured_media":19105,"comment_status":"open","ping_status":"closed","template":"","meta":[],"product_cat":[182,177],"product_tag":[234,228],"_links":{"self":[{"href":"https:\/\/happybalionai.lt\/index.php?rest_route=\/wp\/v2\/product\/19090"}],"collection":[{"href":"https:\/\/happybalionai.lt\/index.php?rest_route=\/wp\/v2\/product"}],"about":[{"href":"https:\/\/happybalionai.lt\/index.php?rest_route=\/wp\/v2\/types\/product"}],"replies":[{"embeddable":true,"href":"https:\/\/happybalionai.lt\/index.php?rest_route=%2Fwp%2Fv2%2Fcomments&post=19090"}],"version-history":[{"count":1,"href":"https:\/\/happybalionai.lt\/index.php?rest_route=\/wp\/v2\/product\/19090\/revisions"}],"predecessor-version":[{"id":19091,"href":"https:\/\/happybalionai.lt\/index.php?rest_route=\/wp\/v2\/product\/19090\/revisions\/19091"}],"wp:featuredmedia":[{"embeddable":true,"href":"https:\/\/happybalionai.lt\/index.php?rest_route=\/wp\/v2\/media\/19105"}],"wp:attachment":[{"href":"https:\/\/happybalionai.lt\/index.php?rest_route=%2Fwp%2Fv2%2Fmedia&parent=19090"}],"wp:term":[{"taxonomy":"product_cat","embeddable":true,"href":"https:\/\/happybalionai.lt\/index.php?rest_route=%2Fwp%2Fv2%2Fproduct_cat&post=19090"},{"taxonomy":"product_tag","embeddable":true,"href":"https:\/\/happybalionai.lt\/index.php?rest_route=%2Fwp%2Fv2%2Fproduct_tag&post=19090"}],"curies":[{"name":"wp","href":"https:\/\/api.w.org\/{rel}","templated":true}]}}