{"id":18962,"date":"2024-03-06T11:09:29","date_gmt":"2024-03-06T08:09:29","guid":{"rendered":"https:\/\/happybalionai.lt\/?post_type=product&#038;p=18962"},"modified":"2024-06-03T10:26:42","modified_gmt":"2024-06-03T07:26:42","slug":"folinis-balionas-skaicius-2-aukso-spalvos","status":"publish","type":"product","link":"https:\/\/happybalionai.lt\/?product=folinis-balionas-skaicius-2-aukso-spalvos","title":{"rendered":"Folinis balionas skai\u010dius &#8220;2&#8221; aukso spalvos"},"content":{"rendered":"<p>Folinis balionas skai\u010dius &#8220;2&#8221; aukso spalvos.<br \/>\nPrip\u016bsto baliono dydis 76cm.<\/p>\n<p>Balionai parduodami neprip\u016bsti!!!<\/p>\n<p>Vilniuje parduodamus balionus galime prip\u016bsti heliu, susitarus i\u0161 anksto telefonu <a href=\"tel:+370 622 22 494\">+370 622 22 494<\/a> arba facebook \u017einute\u00a0<a href=\"https:\/\/www.facebook.com\/happybalionai\" target=\"_blank\" rel=\"noopener\">Happybalionai puslapyje<\/a>.<\/p>\n<p>Prek\u0117s atspalvis gali \u0161iek tiek skirtis nuo matom\u0173 nuotraukoje.<\/p>\n","protected":false},"excerpt":{"rendered":"<p>Folinis balionas skai\u010dius &#8220;2&#8221; aukso spalvos. Prip\u016bsto baliono dydis 76cm. Balionai parduodami neprip\u016bsti!!! Vilniuje parduodamus balionus galime prip\u016bsti heliu, susitarus i\u0161 anksto telefonu +370 622 22 494 arba facebook \u017einute\u00a0Happybalionai puslapyje. Prek\u0117s atspalvis gali \u0161iek tiek skirtis nuo matom\u0173 nuotraukoje.<\/p>\n","protected":false},"featured_media":18963,"comment_status":"open","ping_status":"closed","template":"","meta":[],"product_cat":[179,177],"product_tag":[229,228],"_links":{"self":[{"href":"https:\/\/happybalionai.lt\/index.php?rest_route=\/wp\/v2\/product\/18962"}],"collection":[{"href":"https:\/\/happybalionai.lt\/index.php?rest_route=\/wp\/v2\/product"}],"about":[{"href":"https:\/\/happybalionai.lt\/index.php?rest_route=\/wp\/v2\/types\/product"}],"replies":[{"embeddable":true,"href":"https:\/\/happybalionai.lt\/index.php?rest_route=%2Fwp%2Fv2%2Fcomments&post=18962"}],"version-history":[{"count":1,"href":"https:\/\/happybalionai.lt\/index.php?rest_route=\/wp\/v2\/product\/18962\/revisions"}],"predecessor-version":[{"id":18964,"href":"https:\/\/happybalionai.lt\/index.php?rest_route=\/wp\/v2\/product\/18962\/revisions\/18964"}],"wp:featuredmedia":[{"embeddable":true,"href":"https:\/\/happybalionai.lt\/index.php?rest_route=\/wp\/v2\/media\/18963"}],"wp:attachment":[{"href":"https:\/\/happybalionai.lt\/index.php?rest_route=%2Fwp%2Fv2%2Fmedia&parent=18962"}],"wp:term":[{"taxonomy":"product_cat","embeddable":true,"href":"https:\/\/happybalionai.lt\/index.php?rest_route=%2Fwp%2Fv2%2Fproduct_cat&post=18962"},{"taxonomy":"product_tag","embeddable":true,"href":"https:\/\/happybalionai.lt\/index.php?rest_route=%2Fwp%2Fv2%2Fproduct_tag&post=18962"}],"curies":[{"name":"wp","href":"https:\/\/api.w.org\/{rel}","templated":true}]}}